e factors of m?
11
Let f(n) = -5*n - 10. Let o be f(6). Let i = o - -78. List the prime factors of i.
2, 19
Suppose -4*m + 233 = 5*d, -m = -5*m + 5*d + 263. List the prime factors of 2/11 + m/22.
3
Let j = -1 - -4. Suppose 2*g - 42 = -5*h, -j*g + h + h = -25. List the prime factors of g.
11
Let g = -4 - -4. Suppose -3*i = -g*i - 18. Suppose -3*n = 3*l - i, n + n - l - 10 = 0. List the prime factors of n.
2
Suppose -11*l + 7*l = -40. What are the prime factors of l?
2, 5
Let h(y) = y + 2. Let d be h(4). Suppose d*v - 3*v = 42. What are the prime factors of v?
2, 7
Let c(b) = -9*b**3 + 9*b**2 - 17*b - 9. Let h(l) = 5*l**3 - 4*l**2 + 9*l + 4. Let n(a) = 4*c(a) + 7*h(a). List the prime factors of n(7).
2, 3
Let u(s) = 4*s**2 + s. Let n = -1 - -3. Let d be n*3/(-3)*1. List the prime factors of u(d).
2, 7
Let i be (-69)/(-15) + 4/10. Let x = 1 + i. List the prime factors of x.
2, 3
Let v = -96 - -257. What are the prime factors of v?
7, 23
Suppose b + 8 = m - 0*b, -1 = b. List the prime factors of m.
7
Let o(s) be the first derivative of -s**3/3 + 9*s**2/2 - s + 4. What are the prime factors of o(8)?
7
Suppose 4*s - 12 = 2*s. Suppose d - 15 = -s. What are the prime factors of d?
3
Suppose 0 = -o - 0*o - 6. Let w be o*(-2 - 27/(-6)). Let x = 29 + w. What are the prime factors of x?
2, 7
Let u(p) = 4*p - 1. Let d(c) = -c**3 - 4*c**2 - 2*c - 5. Let b be d(-4). What are the prime factors of u(b)?
11
Let b(l) = -l**2 + 10*l - 7. Let i be b(7). Let y = i - 10. What are the prime factors of (y/6)/(4/72)?
2, 3
Let t be ((-32)/40)/((-2)/265). Suppose -3*i + t = 40. What are the prime factors of i?
2, 11
Suppose -15*m + 14*m = -6. Let r(u) = 2*u + 5. List the prime factors of r(m).
17
Suppose -52*l + 48*l = -12. What are the prime factors of l?
3
Suppose 0 = -y - 2*g + 17, 0*g - 69 = -5*y - 2*g. What are the prime factors of y?
13
Let d(f) = 8*f - 1. Let i be d(-1). Let q = 1 + i. Let n = q + 18. What are the prime factors of n?
2, 5
Let c be 3*(-3)/2*2. Suppose -f = -3*f - 2*t, 2*f - 5*t = 0. Let m = f - c. List the prime factors of m.
3
Let q be (-3)/(-1) - (-84)/(-6). Let d = q - -4. Let m = d - -14. List the prime factors of m.
7
Let j be (7 + 0)*30/105. Suppose 0 = 3*k - 4 - j. List the prime factors of k.
2
Suppose -j + 5*j = 212. What are the prime factors of j?
53
Suppose 0 = 2*c + 8, 5*g - 2*c - 14 = -c. Suppose -2*y = -4*f, -3 = g*f + f - 3*y. List the prime factors of (-10 - -7)/(f/(-7)).
3, 7
Let g(k) = 2*k**2 + 3*k + 1. Let u be 1/(-1) + (8 - 3). Suppose -12 + u = 4*n. What are the prime factors of g(n)?
3
Suppose -2*z = -5*m - 218, -5*m = -z - 3*m + 110. What are the prime factors of z?
2, 3, 19
Let s = -7 - -9. Suppose -s - 7 = -3*x. Suppose -2*w + 4*w - 2 = 0, -x*w = -a. List the prime factors of a.
3
Suppose -3*a + 72 = -3*p, -5*a + 7*p = 3*p - 121. Suppose -a = -5*d + 5*h, -d - 3*h - 9 = -2. List the prime factors of d.
2
Let c be (-10)/15 + 24/9. What are the prime factors of ((-36)/42)/(c/(-42))?
2, 3
Let l(c) = 2*c**2 - 10*c + 6. Let b be l(6). Suppose v + b = 3*v. What are the prime factors of v?
3
Suppose 13 = 2*b - 81. List the prime factors of b.
47
List the prime factors of ((-18)/(-12))/((-1)/(-2)) - -15.
2, 3
List the prime factors of 6*(-3)/((-3)/5).
2, 3, 5
Let j(m) = m - 1. List the prime factors of j(7).
2, 3
Suppose -5*x - 37 - 153 = -5*f, -4*x = 20. List the prime factors of f.
3, 11
Suppose 121 = 2*d + 43. List the prime factors of d.
3, 13
Let w(r) = r**3 + 4*r**2 + 3*r + 4. Let u be w(-3). Let p = 3 + -8. Let l = u - p. List the prime factors of l.
3
Let m(a) = -20*a. Suppose 5*w = -2*f + 30, -3*f = -f. Let v be (-2)/(w/3 - 0). What are the prime factors of m(v)?
2, 5
Suppose 3*v + 6 = y, y + v + 13 = 5*y. Suppose y*m = -5*i + 49, 2*m = 4*i - m - 50. List the prime factors of i.
11
Suppose -2*i - 3 = -1, 0 = 5*b + 5*i + 125. Let s = 32 + b. What are the prime factors of s?
2
Let q be 2 + 4/(-12)*3. Suppose n - q = 28. List the prime factors of n.
29
Let j be (0 - 0) + 2 + 0. Let d = j - 1. What are the prime factors of -2 + 1*(d - -9)?
2
Suppose 3*n = 2*q - 1 + 13, 0 = -4*n + 16. Suppose -4*b - 3*p + 215 = 0, -5*b - p - 84 + 339 = q. What are the prime factors of b?
2, 5
Let z(n) be the third derivative of n**4/12 - 2*n**3/3 + 2*n**2. Let q(h) = h**2 + 7*h + 8. Let b be q(-7). What are the prime factors of z(b)?
2, 3
Suppose 4*m - 39 = m. List the prime factors of m.
13
Let z(g) = 2*g**2 + g. Let q be z(2). Suppose 2 = -i + 12. Suppose 5*h = q + i. List the prime factors of h.
2
Let x(v) = 5*v. Let i be x(6). Suppose 0 = -2*t + i - 10. List the prime factors of t.
2, 5
Suppose -5*g + 6*g = 0. Suppose 0 = 2*o - g - 6. What are the prime factors of o?
3
Let d(z) = -z**3 - 18*z**2 - 3*z + 3. What are the prime factors of d(-18)?
3, 19
Let d(f) = f**2 - 7*f + 9. Let w be d(7). Let x = -3 + w. What are the prime factors of x?
2, 3
Let t be (7 - 0) + 2 - 0. Suppose -19 - t = -4*u. What are the prime factors of u?
7
Let w = -3 - -14. Let i = 15 - w. Suppose -i*o = -0*o - 32. What are the prime factors of o?
2
Let j(a) = 171*a**2 + 2*a. List the prime factors of j(-1).
13
Suppose 4*y = -5*t - 0*t + 107, 0 = -4*t - 2*y + 88. List the prime factors of t.
23
Suppose 92 = -4*h + 268. Suppose -3*q = q + 16, 0 = -3*s + 5*q + h. List the prime factors of s.
2
Let v(p) = 25*p**2 + 2*p + 1. Let k be v(-1). Suppose -2*g + 22 = 4*m, -6*g + g - 5*m = -40. Suppose -r = g - k. What are the prime factors of r?
19
Let d be 0 + 3 + 14 - -3. What are the prime factors of (-10 + d)*(-1 - -2)?
2, 5
List the prime factors of (-330)/(-12)*204/15.
2, 11, 17
Let j(w) = -w**3 + w**2 - w + 4. Let c(t) = -t**2 + 2*t + 3. Let y be c(3). List the prime factors of j(y).
2
Let f = -15 + 53. List the prime factors of f.
2, 19
Suppose r - 2*b - 17 = 0, 3*r - r = -2*b + 64. Let n = 39 - r. List the prime factors of n.
2, 3
Let i be 1 - (-2 + (-21)/(-3)). List the prime factors of 10*(2 - (-6)/i).
5
Let q(l) = 2*l**3 + l**2 + l - 1. Let n be q(1). Let m(d) = -d**3 + 2*d**2 + 4*d - 4. Let v be m(n). List the prime factors of 6/3 - v*7.
3
Let z(o) = o**2 - 7*o + 1. Let q = 13 + -6. Let g be z(q). List the prime factors of (-6)/((g - 3)/2).
2, 3
Let t(k) = 2*k**2 - k - 2. Let u be t(-2). Let p be (5 + -4)*u/2. Suppose -w - p*w + 65 = 0. What are the prime factors of w?
13
Let c = -126 - -57. Let z = -21 - c. Suppose -z = -4*o + 8. What are the prime factors of o?
2, 7
Let u = -23 - -47. Suppose g = 3*a - 2*g - u, -a - 5*g = -8. What are the prime factors of a?
2
Let l = -20 + 50. Suppose -5*h + l = -2*h. List the prime factors of h.
2, 5
Let h(p) = p**2 + 5 - 4*p + 0*p + 1 - 2. List the prime factors of h(8).
2, 3
Let w(j) = j - 3. What are the prime factors of w(18)?
3, 5
Let h(g) = -g**2 + 18*g - 15. Let d be h(10). Let m = d - 46. List the prime factors of m.
19
Suppose -5*f + 21 = -b - 1, 3*b = 4*f - 11. Suppose g = -b*g + 16. What are the prime factors of g?
2
List the prime factors of (-6 - 14)/(-1 - 1).
2, 5
Suppose 0 = 3*a + 5 + 1. Let m = -2 + a. Let x = 8 + m. List the prime factors of x.
2
Suppose 3*r - 5*b - 147 = 0, 2*b - 4*b = -5*r + 245. What are the prime factors of r?
7
Let y be 2/1*(1 + -2). Let c be 0 + 2 + -6*1. Let o = y - c. List the prime factors of o.
2
Let i be (-4)/(-6)*(-5 - -2). Let s(w) = 7*w**2 - w - 1. Let c be s(i). Suppose c = 2*b + 7. List the prime factors of b.
11
Suppose 5*g - 1 + 31 = 0. Let z(y) = -6 + 9 + 4 + 4*y - 5*y. What are the prime factors of z(g)?
13
Suppose -3*w = -4*p - p + 306, -3*p + 3*w = -180. List the prime factors of p.
3, 7
Let t = -5 + 8. Suppose -3*f + 18 + t = 0. Let o(d) = d**2 - 5*d - 5. What are the prime factors of o(f)?
3
Suppose -3*p - 11*p = -224. Suppose -4*f + 16 + 16 = 0. Let c = p - f. What are the prime factors of c?
2
Suppose -s + 408 = 2*q - 112, 5*q - 1298 = -2*s. List the prime factors of q.
2, 3, 43
Let i(s) = -s**2 + 25*s + 12. What are the prime factors of i(13)?
2, 3, 7
Let y(r) = -r**3 + 3*r**2 + 4*r. Let g be y(4). Suppose g = 4*c + c. Let p = c - -6. List the prime factors of p.
2, 3
Suppose -3*u + u = 0. Suppose -2*y + 0*y = -4. Let j = y - u. List the prime factors of j.
2
Let i(l) be the first derivative of l**3/3 + 3*l**2 + 6*l - 1. Let z be i(-6). Let u = z - 2. What are the p